{"id":591,"date":"2019-06-11T09:43:14","date_gmt":"2019-06-11T07:43:14","guid":{"rendered":"http:\/\/www.loireenscene.org\/?page_id=591"},"modified":"2025-09-25T16:12:15","modified_gmt":"2025-09-25T14:12:15","slug":"les-creations","status":"publish","type":"page","link":"https:\/\/www.loireenscene.org\/index.php\/les-creations\/","title":{"rendered":"La saison des Cr\u00e9ations"},"content":{"rendered":"\n\n\t<strong>2025 | 2026<br \/>\nOn se rencontre dans nos salles\u00a0<br \/>\navec les cr\u00e9ations des compagnies lig\u00e9riennes<br \/>\n<\/strong>\n\t<h2><strong>Rive-de-Gier &#8211; Salle Jean Dast\u00e9\u00a0<\/strong><\/h2>\nCie Carnages <strong>Sissi comme Bach<\/strong> 10 avril 26 | 14h30\nTh\u00e9\u00e2tre de la Tarlatane <strong>Un Poirier m&rsquo;a dit<\/strong> 2 juin 26 | 20h\n\t<h2><strong>Saint-Etienne &#8211; Th\u00e9\u00e2tre Le Verso\u00a0<\/strong><\/h2>\nCie de l&rsquo;\u00e2me \u00e0 la vague <strong>Renaissance<\/strong> 25 &gt; 28 novembre 25 | 20h\nLe GRRIZZLI <strong>Crick ? Crack !<\/strong> 3 d\u00e9cembre 25 | 14h\u00a0 &#8211; 7 d\u00e9cembre 25 | 16h30\nCollectif7 <strong>Sweetie<\/strong> 18 &gt; 19 d\u00e9cembre 25 | 20h\nTrouble Th\u00e9\u00e2tre <strong>MonstreS<\/strong> 28 janvier 26 | 14h\u00a0 &#8211; 1 f\u00e9vrier 26 | 16h30\nCie Ka\u00efros Th\u00e9\u00e2tre <strong>Moi, mon ombre<\/strong> 1 avril 26 | 14h\u00a0 &#8211; 5 avril 26 | 16h30\nCollectif Ici-m\u00eame <strong>Les recettes de l&rsquo;Amour<\/strong> 22 &gt; 26 Avril 26 | 20h\u00a0 &#8211; 26 Avril 26\u00a0 | 20h\n\t<h2><strong>Andrezieux-Bouth\u00e9on &#8211; Th\u00e9\u00e2tre du Parc\u00a0<\/strong><\/h2>\nCie R\/\u00d4 <strong>#Corps<\/strong> 6 novembre 25 | 20h\nCie Minuit <strong>Chambre noire<\/strong> 14 mars 26 | 20h\nCie &amp;co<strong> C\u00f4te \u00e0 c\u00f4te<\/strong> 11 mars 26 | 10h\nCie Le Ruban Fauve <strong>Miche et Drate<\/strong> 13 mai 26 | 15h\n\t<h2><strong>Saint-Just-Saint-Rambert\u00a0 &#8211; La Passerelle<\/strong><\/h2>\nCie La Peau de l&rsquo;Ours<strong> Kant<\/strong> 18 octobre 25 | 15h\u00a0\nCie Maintes et une fois <strong>jean de la Lune<\/strong> 8 novembre 25 | + 5 scolaires\nCie la Neige est un myst\u00e8re <strong>La derni\u00e8re fois<\/strong> 17 janvier 26 | 20h30\nCie Marbayassa <strong>L&rsquo;avare et ses calebasses<\/strong> 27 f\u00e9vrier | 20h30 + 2 scolaires\n\t<h2><strong>Saint-Etienne &#8211; Chok Th\u00e9\u00e2tre<\/strong><\/h2>\nCollectif M\u00e9dus\u00e9.e.s <strong>Parenth\u00e8se<\/strong> 9, 10, 16, 17 octobre 25 | 20h &#8211; 12 octobre 25 | 17h\nCie du vieux forum <strong>Victor Hugo &#8230; Toujours !<\/strong> 27 &gt; 28 novembre 25 | 14h &amp; 20h\nCie Litecox <strong>Conte domestique<\/strong> 18\u00a0 &gt; 19 d\u00e9cembre 25 | 20h\u00a0 &#8211; 22 &gt; 23 d\u00e9cembre 25 | 14h\nCie Parole en Acte <strong>La Bo\u00e9tie<\/strong> 5 &gt; 6 mars 26 | 20h &#8211; 8 mars 26 | 17h\nCie Tout un Truc <strong>Les Pieds par Terres<\/strong> 12 &gt; 13 mars 26 | 20h\n\t<h2><strong>L&rsquo;Horme &#8211; Espace culturel La Buire<\/strong><\/h2>\nCie La Peau de l&rsquo;Ours <strong>Kant<\/strong> 6 novembre 25 | 14h\u00a0 &#8211; 7 novembre 25 | 14h &amp; 20h\nCie Et Maintenant <strong>Proz, r\u00e9cit d&rsquo;une catabase<\/strong> 25 novembre 25 | 14h &amp; 20h\nCie Halte<strong> Dans un monde de poup\u00e9es<\/strong> 18 janvier 26 | 9h30 &amp; 11h &#8211; 19 janvier 26 | 9h &amp; 10h30\nCie R\/\u00d4 <strong>#Corps<\/strong> 10 mars 26 | 10h &amp; 14h &#8211; 11 mars 26 | 20h\nCie Le Ruban Fauve <strong>Miche et Drate<\/strong> 26 mars 26 | 14h\u00a0 &#8211; 27 mars\u00a0 26 | 14h &amp; 20h\nCie Travelling th\u00e9\u00e2tre <strong>Un mariage<\/strong> 1 &gt; 2 avril 26 | 19h &#8211;\u00a0 Salle Aristide Briand St-Chamond\nCie Trouble Th\u00e9\u00e2tre <strong>MONSTRES<\/strong> 15 janvier 26 | 10h &amp; 14h\n\t<h2><strong>Saison culturelle de Monistrol sur Loire<\/strong><\/h2>\nCie Col\u00e9gram <strong>Un pour tous, moi d&rsquo;abord<\/strong> 25 octobre 25 | 17h\nCie Le Ruban Fauve <strong>L&rsquo;enfant Oc\u00e9an<\/strong> 25 novembre 25 | 10h &amp; 14h\nL\u00e9on<strong> L\u00e9on, illusion ou co\u00efncidence ?<\/strong> 30 janvier 26 | 20h\nLe Cri de l&rsquo;Harfang<strong> Seule la rose le sait<\/strong> 28 mars 26 | 20h\nCie La Sauvage <strong>L&rsquo;Odyss\u00e9e d&rsquo;A\u00efga<\/strong> 11, 12, 21 mai 26 | 10h &amp; 14h\n\t<h2><strong>La Ricamarie &#8211; Centre culturel de La Ricamarie\u00a0<\/strong><\/h2>\nTh\u00e9\u00e2tre de l&rsquo;Incendie <strong>Vivante<\/strong> 16 &gt; 17 octobre 25 | 20h\nEnsemble Symphonie Loire Forez <strong>Travers\u00e9e<\/strong> 21 novembre 25 | 20h\nCosmos 110 &#8211; <strong>Cie Halte<\/strong>\u00a0 22 avril 26 | 20h\n\t<h2><strong>La Talaudi\u00e8re &#8211; Le Sou<\/strong><\/h2>\nCie la Peau de l&rsquo;Ours <strong>Kant<\/strong>\n27 novembre 25 | 10h &amp; 14h &#8211; 28 novembre 25 | 14h30 &amp; 20h30\nEn Bonne Compagnie <strong>Le Manoir de Tante Marguerite<\/strong> 5 d\u00e9cembre 25 | 10h &amp; 14h\nCie Halte <strong>La Cogneuse<\/strong> 22 janvier 2026 | 19h\nCie la Neige est un myst\u00e8re<strong> La derni\u00e8re fois<\/strong> 30 mai 2026 | 20h30\n\t<h2><strong>Firminy &#8211; Maison de la Culture Le Corbusier\u00a0<\/strong><\/h2>\nCie Boulevard du cr\u00e9puscule <strong>Not so sweet home<\/strong> 28 novembre 25 | 20h\nCie Travelling th\u00e9\u00e2tre<strong> Un mariage<\/strong> 16 janvier 26 | 20h\nCie Le scribe <strong>Pacific square<\/strong> 5 mars 26 | 20h\n\t<h2><strong>Roanne &#8211; Th\u00e9\u00e2tre municipal de Roanne\u00a0<\/strong><\/h2>\nCom\u00e9die de St-Etienne, CDN <strong>Au d\u00e9but&#8230;<\/strong>\n19 novembre 25 | 15h &#8211; 20 novembre 25 | 10h &amp; 14h\nTravelling Th\u00e9\u00e2tre <strong>Un mariage<\/strong> 12 &amp; 14 janvier 26 | 20H\u00a0 &#8211; 13 janvier 26 | 14h &amp; 20h\nCie Apaches <strong>Cinq<\/strong> 16 janvier 26 | 10h &amp; 14h\u00a0 &#8211; 17 janvier 26 | 15h\nTh\u00e9\u00e2tre de l&rsquo;Incendie <strong>Vivante<\/strong> 26 f\u00e9vrier 26 | 20h\u00a0 &#8211; 27 f\u00e9vrier 26 | 10h &amp; 14h\nBallet Cosmique &#8211; Com\u00e9die de St-Etienne, CDN <strong>Fermez les yeux, vous y verrez&#8230;<\/strong> 13 mars 26 | 20h\nCie Minuit <strong>Chambre noire<\/strong> 18 mars 2026 | 20h\nCapella Forensis \/ Cie Halte <strong>Le silence de la mer<\/strong> 11 mai 26 | 20H &#8211; 12 mai 26 | 14h &amp; 20h\n\t<h2><strong>Saint-Etienne &#8211; La Com\u00e9die de Saint-Etienne, CDN<\/strong><\/h2>\nCie Parc <strong>La Liesse<\/strong> 18 &gt; 21 novembre 25 | 20h sauf\u00a0 20 novembre | 19h\nCollectif Marthe <strong>Vaisseau familles<\/strong> 25 &gt; 28 novembre 25 | 20h sauf 27 novembre | 18h30\nLa Com\u00e9die de St-Etienne, CDN <strong>Les femmes savantes<\/strong> 20 &gt; 30 janvier 26 | 20h &#8211; 31 janvier 26 | 17h (off le 24 et 25 janvier)\nCie Travelling Th\u00e9\u00e2tre <strong>Un mariage<\/strong> 24 &gt; 28 f\u00e9vrier 26 | 20h\u00a0 &#8211; 29 f\u00e9vrier 26 | 17h\n\t<h2><strong>Saison intercommunale Sorbiers<\/strong><br \/>\n<strong>&#8211; L&rsquo;\u00e9chapp\u00e9 \/ Saint-Jean-Bonnefonds &#8211; La Trame<\/strong><\/h2>\n<em>L&rsquo;\u00e9chapp\u00e9<\/em> -&gt; Ballet 21 <strong>NOCES<\/strong> 13 mars 26 | 20h30\n<em>La Trame<\/em> &#8211; &gt; Capella Forensis \/ Cie Halte <strong>Le silence de la mer<\/strong> 27 mars 26 | 20h\n\t<h2><strong>Montbrison\u00a0 &#8211; Th\u00e9\u00e2tre des P\u00e9nitents<\/strong><\/h2>\nCom\u00e9die de Saint-\u00c9tienne <strong>Au d\u00e9but<\/strong> 1 octobre 25 | 15h\nCie Pu\u00e9ril P\u00e9ril\u00a0<strong> Kontact<\/strong> 21 janvier 26 | 10h30\nElla &amp; Pitr <strong>Fermez les yeux, vous y verrez plus clair<\/strong> 24 avril 26 \u00e0 20h30\nTh\u00e9\u00e2tre de la Tarlatane <strong>Un poirier m&rsquo;a dit<\/strong> 29 avril 26 | 15h\nTh\u00e9\u00e2tre de l&rsquo;Incendie <strong>Vivante<\/strong> 7 mai 26 |20h30\n\n","protected":false},"excerpt":{"rendered":"<p>2025 | 2026 On se rencontre dans nos salles\u00a0 avec les cr\u00e9ations des compagnies lig\u00e9riennes Rive-de-Gier &#8211; Salle Jean Dast\u00e9\u00a0 Cie Carnages Sissi comme Bach 10 avril 26 | 14h30 Th\u00e9\u00e2tre de la Tarlatane Un Poirier m&rsquo;a dit 2 juin 26 | 20h Saint-Etienne &#8211; Th\u00e9\u00e2tre Le Verso\u00a0 Cie de l&rsquo;\u00e2me \u00e0 la vague Renaissance&hellip; <a href=\"https:\/\/www.loireenscene.org\/index.php\/les-creations\/\" class=\"more-link\">Lire la suite <span class=\"screen-reader-text\">La saison des Cr\u00e9ations<\/span><\/a><\/p>\n","protected":false},"author":1,"featured_media":0,"parent":0,"menu_order":0,"comment_status":"closed","ping_status":"closed","template":"","meta":{"spay_email":"","footnotes":""},"tags":[],"_links":{"self":[{"href":"https:\/\/www.loireenscene.org\/index.php\/wp-json\/wp\/v2\/pages\/591"}],"collection":[{"href":"https:\/\/www.loireenscene.org\/index.php\/wp-json\/wp\/v2\/pages"}],"about":[{"href":"https:\/\/www.loireenscene.org\/index.php\/wp-json\/wp\/v2\/types\/page"}],"author":[{"embeddable":true,"href":"https:\/\/www.loireenscene.org\/index.php\/wp-json\/wp\/v2\/users\/1"}],"replies":[{"embeddable":true,"href":"https:\/\/www.loireenscene.org\/index.php\/wp-json\/wp\/v2\/comments?post=591"}],"version-history":[{"count":39,"href":"https:\/\/www.loireenscene.org\/index.php\/wp-json\/wp\/v2\/pages\/591\/revisions"}],"predecessor-version":[{"id":3576,"href":"https:\/\/www.loireenscene.org\/index.php\/wp-json\/wp\/v2\/pages\/591\/revisions\/3576"}],"wp:attachment":[{"href":"https:\/\/www.loireenscene.org\/index.php\/wp-json\/wp\/v2\/media?parent=591"}],"wp:term":[{"taxonomy":"post_tag","embeddable":true,"href":"https:\/\/www.loireenscene.org\/index.php\/wp-json\/wp\/v2\/tags?post=591"}],"curies":[{"name":"wp","href":"https:\/\/api.w.org\/{rel}","templated":true}]}}

La saison des Créations

<strong>2025 | 2026<br />
On se rencontre dans nos salles <br />
avec les créations des compagnies ligériennes<br />
</strong>
	<h2><strong>Rive-de-Gier &#8211; Salle Jean Dasté </strong></h2>
Cie Carnages <strong>Sissi comme Bach</strong> 10 avril 26 | 14h30
Théâtre de la Tarlatane <strong>Un Poirier m&rsquo;a dit</strong> 2 juin 26 | 20h
	<h2><strong>Saint-Etienne &#8211; Théâtre Le Verso </strong></h2>
Cie de l&rsquo;âme à la vague <strong>Renaissance</strong> 25 &gt; 28 novembre 25 | 20h
Le GRRIZZLI <strong>Crick ? Crack !</strong> 3 décembre 25 | 14h  &#8211; 7 décembre 25 | 16h30
Collectif7 <strong>Sweetie</strong> 18 &gt; 19 décembre 25 | 20h
Trouble Théâtre <strong>MonstreS</strong> 28 janvier 26 | 14h  &#8211; 1 février 26 | 16h30
Cie Kaïros Théâtre <strong>Moi, mon ombre</strong> 1 avril 26 | 14h  &#8211; 5 avril 26 | 16h30
Collectif Ici-même <strong>Les recettes de l&rsquo;Amour</strong> 22 &gt; 26 Avril 26 | 20h  &#8211; 26 Avril 26  | 20h
	<h2><strong>Andrezieux-Bouthéon &#8211; Théâtre du Parc </strong></h2>
Cie R/Ô <strong>#Corps</strong> 6 novembre 25 | 20h
Cie Minuit <strong>Chambre noire</strong> 14 mars 26 | 20h
Cie &amp;co<strong> Côte à côte</strong> 11 mars 26 | 10h
Cie Le Ruban Fauve <strong>Miche et Drate</strong> 13 mai 26 | 15h
	<h2><strong>Saint-Just-Saint-Rambert  &#8211; La Passerelle</strong></h2>
Cie La Peau de l&rsquo;Ours<strong> Kant</strong> 18 octobre 25 | 15h 
Cie Maintes et une fois <strong>jean de la Lune</strong> 8 novembre 25 | + 5 scolaires
Cie la Neige est un mystère <strong>La dernière fois</strong> 17 janvier 26 | 20h30
Cie Marbayassa <strong>L&rsquo;avare et ses calebasses</strong> 27 février | 20h30 + 2 scolaires
	<h2><strong>Saint-Etienne &#8211; Chok Théâtre</strong></h2>
Collectif Médusé.e.s <strong>Parenthèse</strong> 9, 10, 16, 17 octobre 25 | 20h &#8211; 12 octobre 25 | 17h
Cie du vieux forum <strong>Victor Hugo &#8230; Toujours !</strong> 27 &gt; 28 novembre 25 | 14h &amp; 20h
Cie Litecox <strong>Conte domestique</strong> 18  &gt; 19 décembre 25 | 20h  &#8211; 22 &gt; 23 décembre 25 | 14h
Cie Parole en Acte <strong>La Boétie</strong> 5 &gt; 6 mars 26 | 20h &#8211; 8 mars 26 | 17h
Cie Tout un Truc <strong>Les Pieds par Terres</strong> 12 &gt; 13 mars 26 | 20h
	<h2><strong>L&rsquo;Horme &#8211; Espace culturel La Buire</strong></h2>
Cie La Peau de l&rsquo;Ours <strong>Kant</strong> 6 novembre 25 | 14h  &#8211; 7 novembre 25 | 14h &amp; 20h
Cie Et Maintenant <strong>Proz, récit d&rsquo;une catabase</strong> 25 novembre 25 | 14h &amp; 20h
Cie Halte<strong> Dans un monde de poupées</strong> 18 janvier 26 | 9h30 &amp; 11h &#8211; 19 janvier 26 | 9h &amp; 10h30
Cie R/Ô <strong>#Corps</strong> 10 mars 26 | 10h &amp; 14h &#8211; 11 mars 26 | 20h
Cie Le Ruban Fauve <strong>Miche et Drate</strong> 26 mars 26 | 14h  &#8211; 27 mars  26 | 14h &amp; 20h
Cie Travelling théâtre <strong>Un mariage</strong> 1 &gt; 2 avril 26 | 19h &#8211;  Salle Aristide Briand St-Chamond
Cie Trouble Théâtre <strong>MONSTRES</strong> 15 janvier 26 | 10h &amp; 14h
	<h2><strong>Saison culturelle de Monistrol sur Loire</strong></h2>
Cie Colégram <strong>Un pour tous, moi d&rsquo;abord</strong> 25 octobre 25 | 17h
Cie Le Ruban Fauve <strong>L&rsquo;enfant Océan</strong> 25 novembre 25 | 10h &amp; 14h
Léon<strong> Léon, illusion ou coïncidence ?</strong> 30 janvier 26 | 20h
Le Cri de l&rsquo;Harfang<strong> Seule la rose le sait</strong> 28 mars 26 | 20h
Cie La Sauvage <strong>L&rsquo;Odyssée d&rsquo;Aïga</strong> 11, 12, 21 mai 26 | 10h &amp; 14h
	<h2><strong>La Ricamarie &#8211; Centre culturel de La Ricamarie </strong></h2>
Théâtre de l&rsquo;Incendie <strong>Vivante</strong> 16 &gt; 17 octobre 25 | 20h
Ensemble Symphonie Loire Forez <strong>Traversée</strong> 21 novembre 25 | 20h
Cosmos 110 &#8211; <strong>Cie Halte</strong>  22 avril 26 | 20h
	<h2><strong>La Talaudière &#8211; Le Sou</strong></h2>
Cie la Peau de l&rsquo;Ours <strong>Kant</strong>
27 novembre 25 | 10h &amp; 14h &#8211; 28 novembre 25 | 14h30 &amp; 20h30
En Bonne Compagnie <strong>Le Manoir de Tante Marguerite</strong> 5 décembre 25 | 10h &amp; 14h
Cie Halte <strong>La Cogneuse</strong> 22 janvier 2026 | 19h
Cie la Neige est un mystère<strong> La dernière fois</strong> 30 mai 2026 | 20h30
	<h2><strong>Firminy &#8211; Maison de la Culture Le Corbusier </strong></h2>
Cie Boulevard du crépuscule <strong>Not so sweet home</strong> 28 novembre 25 | 20h
Cie Travelling théâtre<strong> Un mariage</strong> 16 janvier 26 | 20h
Cie Le scribe <strong>Pacific square</strong> 5 mars 26 | 20h
	<h2><strong>Roanne &#8211; Théâtre municipal de Roanne </strong></h2>
Comédie de St-Etienne, CDN <strong>Au début&#8230;</strong>
19 novembre 25 | 15h &#8211; 20 novembre 25 | 10h &amp; 14h
Travelling Théâtre <strong>Un mariage</strong> 12 &amp; 14 janvier 26 | 20H  &#8211; 13 janvier 26 | 14h &amp; 20h
Cie Apaches <strong>Cinq</strong> 16 janvier 26 | 10h &amp; 14h  &#8211; 17 janvier 26 | 15h
Théâtre de l&rsquo;Incendie <strong>Vivante</strong> 26 février 26 | 20h  &#8211; 27 février 26 | 10h &amp; 14h
Ballet Cosmique &#8211; Comédie de St-Etienne, CDN <strong>Fermez les yeux, vous y verrez&#8230;</strong> 13 mars 26 | 20h
Cie Minuit <strong>Chambre noire</strong> 18 mars 2026 | 20h
Capella Forensis / Cie Halte <strong>Le silence de la mer</strong> 11 mai 26 | 20H &#8211; 12 mai 26 | 14h &amp; 20h
	<h2><strong>Saint-Etienne &#8211; La Comédie de Saint-Etienne, CDN</strong></h2>
Cie Parc <strong>La Liesse</strong> 18 &gt; 21 novembre 25 | 20h sauf  20 novembre | 19h
Collectif Marthe <strong>Vaisseau familles</strong> 25 &gt; 28 novembre 25 | 20h sauf 27 novembre | 18h30
La Comédie de St-Etienne, CDN <strong>Les femmes savantes</strong> 20 &gt; 30 janvier 26 | 20h &#8211; 31 janvier 26 | 17h (off le 24 et 25 janvier)
Cie Travelling Théâtre <strong>Un mariage</strong> 24 &gt; 28 février 26 | 20h  &#8211; 29 février 26 | 17h
	<h2><strong>Saison intercommunale Sorbiers</strong><br />
<strong>&#8211; L&rsquo;échappé / Saint-Jean-Bonnefonds &#8211; La Trame</strong></h2>
<em>L&rsquo;échappé</em> -&gt; Ballet 21 <strong>NOCES</strong> 13 mars 26 | 20h30
<em>La Trame</em> &#8211; &gt; Capella Forensis / Cie Halte <strong>Le silence de la mer</strong> 27 mars 26 | 20h
	<h2><strong>Montbrison  &#8211; Théâtre des Pénitents</strong></h2>
Comédie de Saint-Étienne <strong>Au début</strong> 1 octobre 25 | 15h
Cie Puéril Péril <strong> Kontact</strong> 21 janvier 26 | 10h30
Ella &amp; Pitr <strong>Fermez les yeux, vous y verrez plus clair</strong> 24 avril 26 à 20h30
Théâtre de la Tarlatane <strong>Un poirier m&rsquo;a dit</strong> 29 avril 26 | 15h
Théâtre de l&rsquo;Incendie <strong>Vivante</strong> 7 mai 26 |20h30

<p>2025 | 2026 On se rencontre dans nos salles  avec les créations des compagnies ligériennes Rive-de-Gier &#8211; Salle Jean Dasté  Cie Carnages Sissi comme Bach 10 avril 26 | 14h30 Théâtre de la Tarlatane Un Poirier m&rsquo;a dit 2 juin 26 | 20h Saint-Etienne &#8211; Théâtre Le Verso  Cie de l&rsquo;âme à la vague Renaissance&hellip; <a href="https://www.loireenscene.org/index.php/les-creations/" class="more-link">Lire la suite <span class="screen-reader-text">La saison des Créations</span></a></p>
